24 - 2*f + f. What are the prime factors of s(21)?
3, 13
Suppose -3081 = 50*q - 23531. What are the prime factors of q?
409
Suppose 24*j + 116 = 28*j. Suppose 2*k = -r + j + 15, -4*r = 3*k - 191. List the prime factors of r.
2, 5
Suppose -5*f = 2*z, 4*z - 2 = 2*f + 22. Let l be 10 - f - 18/6. Let m(u) = u**2 - 9*u + 10. What are the prime factors of m(l)?
2, 5
Let g(y) = 2*y**3 - 8*y**2 - 7*y - 5. Let p be g(5). Suppose -p*v = -5*v - 295. List the prime factors of v.
59
Let s(b) = 29*b**2 - b - 1. Let f = -5 + 3. What are the prime factors of s(f)?
3, 13
Let u(n) = n**2 - 14*n. Let f be u(14). Suppose 5*k - 15 = f, 0 = -5*c - 2*k + k + 583. What are the prime factors of c?
2, 29
Let k(p) = 4*p**2 - 37*p + 346. List the prime factors of k(15).
691
Let o = 11 - 9. Suppose o*v = 3*v. Suppose -5*l + 15 = 0, v*l = -3*t - 3*l + 39. List the prime factors of t.
2, 5
Let q(b) = 9*b + 2. Let n(c) = 27*c + 5. Let m(p) = -4*n(p) + 11*q(p). List the prime factors of m(-16).
2, 73
Let a = -2365 + 4956. What are the prime factors of a?
2591
Let t = 2341 + -1394. What are the prime factors of t?
947
Let g be (5/2)/((-2)/(-4)). Suppose -3*w = -g*a + 214, 3*w = 4*a + 2*w - 174. What are the prime factors of a?
2, 11
Suppose -n = -3*n + 3*x + 96, 5*x = 10. Suppose 101 = -4*y - n. Let b = 55 + y. What are the prime factors of b?
17
Suppose -3*s - 7 = 11. Let y(o) = -4 + 2 - o**2 - 14*o - 1 - 6. What are the prime factors of y(s)?
3, 13
Let b(c) = 8*c**2 + 13*c - 35. List the prime factors of b(16).
2221
Let u be ((-8)/5)/((-14)/35). Suppose -2*c - u*m + 70 + 148 = 0, -m = 0. What are the prime factors of c?
109
What are the prime factors of (5 + -2 - -1) + (942 - 3)?
23, 41
Let w = 3121 + -1436. What are the prime factors of w?
5, 337
Let i(r) = 2*r + 0*r**2 + 3*r**2 + r**2 - 2*r**2 - 1. Suppose 9*m + 14 = 16*m. What are the prime factors of i(m)?
11
Suppose -4*j + 7*j - 3999 = 0. List the prime factors of j.
31, 43
Let m = -255 + 799. List the prime factors of m.
2, 17
Let b(h) = -63*h**3 + 2*h**2 + h + 4. Let q = -27 + 30. Let p(n) = -n**2 - 1. Let d(w) = q*p(w) + b(w). What are the prime factors of d(-1)?
2, 31
Let h(j) = j**2 - j - 14. Let l be h(5). Suppose -y - 2*r + 107 = l, -y - 3*r = -97. List the prime factors of y.
109
Suppose 9 = 3*s, s = 2*a - 160 - 87. Suppose 0 = -4*g + v + 178, -a = -3*g + 5*v - 0*v. List the prime factors of g.
3, 5
Suppose -3*a = -5*d - 26 - 3, 4*a = 2*d + 62. What are the prime factors of 3/3*(a - 1)?
17
Let r be (-7)/(-3) - ((-110)/15)/11. List the prime factors of r - (-1264)/14 - 4/14.
3, 31
Suppose -4*f = -10*f + 30. Suppose 0 = -f*u + 143 + 72. What are the prime factors of u?
43
List the prime factors of (-5 + 6)/(-3 + (-27680)/(-9225)).
3, 5, 41
Let z(s) be the second derivative of s**4/8 + s**3/2 - s**2/2 - 2*s. Let p(b) be the first derivative of z(b). What are the prime factors of p(8)?
3
Let y(p) = 6*p**2 - 58*p - 59. List the prime factors of y(15).
421
Let k be 1 + -88 + 1/1. Let c = 2 - k. What are the prime factors of c?
2, 11
Suppose q + 2*q + 157 = -4*o, -4*q - 5*o = 210. Let w = 145 + q. Suppose -w = -7*s + 4*s. What are the prime factors of s?
2, 3, 5
Suppose 6*n + 4*h + 706 = 7*n, 0 = 5*n - 4*h - 3450. List the prime factors of n.
2, 7
Suppose -2*f - 6*p + 335 = -p, -f - 5*p + 160 = 0. Let v = f - 120. What are the prime factors of v?
5, 11
Let j(g) = 171*g**3 - 7*g**2 + 10*g - 10. List the prime factors of j(3).
2, 2287
Let f = -138 + 214. Suppose 2*p + 0*p = 4. Suppose -3*n + p*n + 15 = u, -4*u = 5*n - f. What are the prime factors of n?
2
Let h = -143 + -29. Let x = h - -302. List the prime factors of x.
2, 5, 13
Let p = -65 - -65. Suppose p = -2*i + 3*i - 3. What are the prime factors of i?
3
Suppose 228 - 68 = 16*b. What are the prime factors of b?
2, 5
Let g be ((-2)/(-7))/((-3)/(-21)). Let b(r) be the second derivative of r**4/6 - r**2 - r. List the prime factors of b(g).
2, 3
Suppose -5439 = -0*v + 7*v. What are the prime factors of (4 - 2)/(-4) - v/6?
3, 43
Let x be 2 - 6 - (-2 + -326). Suppose 7*c - x = 68. What are the prime factors of c?
2, 7
Suppose 0 = -5*k + 2*k - 21. Let w be (8/k)/(2/(-7)). Suppose 2*j - 32 = -2*n + 8, 88 = w*j - 4*n. List the prime factors of j.
3, 7
List the prime factors of 14/119 - 14956/(-34).
2, 5, 11
Suppose -12*u + 16*u - 720 = 0. List the prime factors of u.
2, 3, 5
Suppose 0 = -q + 5*n + 56, -3*q + n + 253 - 85 = 0. What are the prime factors of q?
2, 7
Let x(v) = -96*v + 23. List the prime factors of x(-3).
311
Suppose 4*z + 8 = 4*i, 0*i - 4*z - 5 = -3*i. Let k = 31 - 53. Let c = i - k. What are the prime factors of c?
5
List the prime factors of 8142/26 + -6 + 152/26.
313
Suppose 0 = -2*h + 9*h - 385. Suppose -f = -5*n + 901, h = -3*n - 5*f + 590. What are the prime factors of n?
2, 3, 5
Suppose q = -2*n + 1, 0 = -q - 3*q - 3*n + 14. Suppose -9*b + q*b = -712. List the prime factors of b.
2, 89
Suppose -5*z - 3*g + 55 = 0, -5*z + 2*g + 50 = 4*g. Suppose 5*m + 0*i + 4*i = -5, -3*m - 4*i - 3 = 0. List the prime factors of -12 + z + m + 24.
19
Let g(a) = a - 17. Let u be g(8). Let z be ((-24)/(-36))/((-2)/u). Suppose 4*n - 4*k - 103 = n, 67 = z*n + 5*k. What are the prime factors of n?
29
Suppose -5*b + 4*a + 328 = 0, 4*a - 114 = -2*b + 34. List the prime factors of b.
2, 17
Let j be (3 + (-14)/4)*(21 + 1). Let z = 1 - -19. Let t = z + j. What are the prime factors of t?
3
Suppose 3*n - 3*g = 255, -5*g + 0*g - 344 = -4*n. Suppose 4*h = 7*h - n. List the prime factors of h.
3
Let y = 2775 + -1802. List the prime factors of y.
7, 139
Let w(p) = -p**3 + 8*p**2 - 9. Let f be w(8). Let h be (6/f)/(4/(-30)). Suppose 57 + 58 = h*j. List the prime factors of j.
23
Let m be (-155)/(-20) - 1/(-4). Let u(v) = v**3 - 5*v**2 - 20*v + 8. List the prime factors of u(m).
2, 5
Let x be (-4)/22 - (-501)/33. Suppose 3*a - x - 3 = 0. Suppose -m - 260 = -a*m. What are the prime factors of m?
2, 13
Let i = -1428 - -1596. What are the prime factors of i?
2, 3, 7
Suppose -212 = -4*u + u + 2*y, -4*u - y = -268. List the prime factors of (u/3)/((-4)/(-30)).
2, 5, 17
Let s = 38 - 35. List the prime factors of (s*104/(-12))/((-3)/6).
2, 13
Let j = -28 - -10. Let g = 69 + j. List the prime factors of g.
3, 17
Let w(y) = -102*y + 157. List the prime factors of w(-9).
5, 43
Suppose -4*u + 0*f = -3*f - 8, -4*f - 4 = -4*u. Suppose 0 = -u*s + 10 + 10. Suppose s*q - 2*j = 14, 5*j - 4 + 17 = -q. List the prime factors of q.
2
Suppose 25541 = -25*d + 98366. List the prime factors of d.
3, 971
Let o(c) = 30*c + 58. What are the prime factors of o(31)?
2, 13, 19
Suppose 2*d - 3*z - 2229 = 0, -3*d + 4*z = 7*z - 3321. What are the prime factors of d?
2, 3, 5, 37
What are the prime factors of 2 + 6/((-24)/(-2788)) - 3?
2, 3, 29
Let v be 2 + 6 - (-6)/3. Suppose -5*b - v = 0, -2*h + 2*b - 6*b = -158. What are the prime factors of h?
83
Let y(b) = b**3 + 13*b**2 + 10*b + 19. Let o be y(-11). Let x = o + -101. List the prime factors of x.
2, 5
Let r be (1 - 21)*54/24. Let h be (-1675)/r + 4/(-18). Let f = -12 + h. List the prime factors of f.
5
Suppose -5*g + 30 = -3*d - 2*g, 0 = -2*d - g - 17. Let o = 15 + d. Suppose o*t = t + 10. List the prime factors of t.
2
Let c be 4 - 4 - 18/(-2). Let d = c + 3. Suppose -d = -2*l + 18. What are the prime factors of l?
3, 5
Suppose -5*b - 23 = 32. Let a = -1 - b. Suppose a + 25 = n. List the prime factors of n.
5, 7
Let z = 17 + -10. Suppose 0 = z*a - 6*a - 17. What are the prime factors of a?
17
What are the prime factors of (-5)/40 + (-5522)/(-16)?
3, 5, 23
Let c be 0 + 4 - (2 + -1). Let h be (10/(-4))/((-2)/4). Suppose -h*u + 55 = -c*b - 2*b, -5*b = 3*u - 1. What are the prime factors of u?
7
Let m be (1 + 0 + 17)/2. Let q be (-1 - -22)*m/27. Suppose -q = -4*x + 1. What are the prime factors of x?
2
Let i(t) = -20*t**2. Let y be i(-1). Let v be 1/((-7 + 2)/y). Suppose 322 = v*o + 70. List the prime factors of o.
3, 7
Let j(x) = -4375*x + 58. What are the prime factors of j(-1)?
11, 13, 31
Let x = 15 + -5. Suppose -30 = 4*j + x. List the prime factors of ((-8)/j)/(2/85).
2, 17
Suppose 0 = 5*h + 4*r + 86, 4*r = -4*h - 0*r - 72. What are the prime factors of h/((-7)/(7/2))?
7
Suppose -2245 = -5*j + 5*f, -6*f + 11*f = -2*j + 870. What are the prime factors of j?
5, 8